o base 14
0
21 (base 4) to base 10
9
1 (base 16) to base 9
1
-120 (base 5) to base 14
-27
-8 (base 16) to base 6
-12
1012 (base 3) to base 10
32
What is -4 (base 11) in base 14?
-4
12 (base 3) to base 14
5
2 (base 8) to base 14
2
-100 (base 4) to base 6
-24
What is 10100010 (base 2) in base 16?
a2
25 (base 12) to base 16
1d
Convert -27 (base 9) to base 10.
-25
What is -a (base 11) in base 3?
-101
What is -3 (base 9) in base 15?
-3
Convert -2 (base 3) to base 13.
-2
What is -17 (base 10) in base 5?
-32
-15 (base 6) to base 16
-b
Convert 0 (base 5) to base 2.
0
b0 (base 15) to base 7
324
-71 (base 11) to base 13
-60
Convert 32 (base 4) to base 8.
16
What is -135 (base 9) in base 7?
-221
53 (base 10) to base 3
1222
Convert 1 (base 8) to base 11.
1
Convert -22122 (base 3) to base 14.
-129
Convert -45 (base 10) to base 15.
-30
-3 (base 8) to base 16
-3
Convert 2 (base 5) to base 10.
2
What is -31 (base 9) in base 14?
-20
-1 (base 3) to base 2
-1
Convert -c7 (base 15) to base 7.
-355
3d (base 14) to base 5
210
What is 0 (base 14) in base 16?
0
-11010 (base 2) to base 9
-28
14 (base 11) to base 12
13
Convert -20 (base 9) to base 8.
-22
-a (base 16) to base 10
-10
-10 (base 3) to base 13
-3
-11 (base 5) to base 8
-6
Convert -8 (base 10) to base 14.
-8
What is 0 (base 11) in base 2?
0
-3 (base 10) to base 3
-10
What is -56 (base 11) in base 5?
-221
Convert 21 (base 5) to base 2.
1011
Convert 65 (base 9) to base 8.
73
22 (base 3) to base 16
8
-49 (base 14) to base 6
-145
Convert -4 (base 9) to base 16.
-4
Convert -11 (base 7) to base 10.
-8
Convert -1012 (base 3) to base 16.
-20
What is 10 (base 3) in base 6?
3
62 (base 7) to base 15
2e
Convert -1 (base 8) to base 15.
-1
2 (base 11) to base 3
2
Convert 3 (base 11) to base 3.
10
What is 105 (base 10) in base 3?
10220
Convert -21 (base 10) to base 4.
-111
What is -3 (base 12) in base 11?
-3
Convert -53 (base 6) to base 14.
-25
-30 (base 7) to base 14
-17
What is -2 (base 9) in base 16?
-2
What is -1 (base 7) in base 14?
-1
Convert -186 (base 9) to base 10.
-159
-4 (base 15) to base 3
-11
What is c (base 15) in base 13?
c
97 (base 14) to base 4
2011
-1 (base 15) to base 8
-1
What is 62 (base 14) in base 2?
1010110
-1 (base 15) to base 11
-1
What is -25 (base 16) in base 10?
-37
130 (base 7) to base 8
106
17 (base 16) to base 14
19
What is 2 (base 10) in base 8?
2
What is -60 (base 14) in base 5?
-314
What is 3 (base 10) in base 15?
3
Convert 1 (base 13) to base 6.
1
Convert -5 (base 10) to base 15.
-5
What is -2 (base 11) in base 6?
-2
Convert 73 (base 11) to base 12.
68
-8 (base 11) to base 13
-8
What is 40 (base 14) in base 7?
110
-1 (base 2) to base 6
-1
What is -421 (base 5) in base 6?
-303
Convert fe (base 16) to base 10.
254
Convert -3 (base 12) to base 5.
-3
What is 13 (base 11) in base 9?
15
-21 (base 11) to base 9
-25
Convert -5 (base 15) to base 3.
-12
Convert -220 (base 4) to base 16.
-28
What is -12023 (base 4) in base 6?
-1455
Convert 10 (base 4) to base 9.
4
What is 656 (base 8) in base 2?
110101110
-1 (base 12) to base 2
-1
131 (base 11) to base 14
b1
Convert 75 (base 16) to base 4.
1311
-11 (base 14) to base 9
-16
Convert 40 (base 11) to base 15.
2e
What is -1 (base 12) in base 11?
-1
1010110 (base 2) to base 4
1112
-20220 (base 3) to base 15
-c6
-68 (base 16) to base 5
-404
What is -1 (base 10) in base 16?
-1
133 (base 13) to base 16
d3
0 (base 13) to base 11
0
Convert -32 (base 14) to base 2.
-101100
What is 1 (base 13) in base 12?
1
What is 1 (base 9) in base 3?
1
-131 (base 4) to base 10
-29
What is -69 (base 14) in base 7?
-162
114 (base 5) to base 3
1021
cd (base 16) to base 6
541
Convert 12 (base 5) to base 2.
111
What is -20 (base 14) in base 6?
-44
Convert 2122 (base 4) to base 7.
310
Convert 0 (base 16) to base 2.
0
1e (base 16) to base 5
110
Convert 10101111 (base 2) to base 14.
c7
-16 (base 9) to base 8
-17
0 (base 8) to base 6
0
Convert -2 (base 3) to base 8.
-2
What is -3 (base 13) in base 2?
-11
Convert -220 (base 6) to base 13.
-66
What is 23 (base 12) in base 9?
30
What is -10 (base 6) in base 4?
-12
3 (base 14) to base 5
3
Convert 343 (base 5) to base 13.
77
0 (base 10) to base 11
0
What is 12 (base 8) in base 12?
a
-32 (base 11) to base 16
-23
What is 2021 (base 3) in base 13?
49
0 (base 2) to base 8
0
What is 2 (base 9) in base 2?
10
-1 (base 5) to base 2
-1
What is -13 (base 7) in base 8?
-12
What is -b1 (base 14) in base 16?
-9b
What is -a (base 14) in base 10?
-10
Convert 8 (base 11) to base 5.
13
50 (base 11) to base 13
43
33 (base 6) to base 7
30
-1343 (base 5) to base 14
-11d
Convert -2 (base 14) to base 15.
-2
What is 1221 (base 4) in base 9?
126
What is 301 (base 4) in base 13?
3a
2 (base 14) to base 15
2
22212 (base 3) to base 8
357
a1 (base 15) to base 9
177
What is -100 (base 2) in base 11?
-4
b (base 13) to base 16
b
What is -223 (base 5) in base 3?
-2100
What is 0 (base 5) in base 12?
0
-2 (base 8) to base 11
-2
-2 (base 4) to base 13
-2
What is 1 (base 2) in base 11?
1
-23 (base 15) to base 10
-33
Convert -6c (base 13) to base 5.
-330
What is 0 (base 2) in base 8?
0
What is 37 (base 14) in base 13?
3a
What is -32 (base 8) in base 4?
-122
-101 (base 7) to base 9
-55
What is 1 (base 15) in base 11?
1
2 (base 16) to base 14
2
What is -12 (base 13) in base 9?
-16
What is -20 (base 7) in base 2?
-1110
What is 0 (base 7) in base 13?
0
-3 (base 13) to base 5
-3
What is -110 (base 2) in base 3?
-20
What is -1 (base 15) in base 8?
-1
8 (base 9) to base 16
8
What is -3 (base 8) in base 9?
-3
What is 7 (base 8) in base 7?
10
What is 1a (base 13) in base 2?
10111
-46 (base 7) to base 14
-26
Convert -2 (base 5) to base 7.
-2
1001 (base 3) to base 16
1c
Convert -5 (base 8) to base 4.
-11
Convert 12 (base 3) to base 10.
5
Convert -32 (base 5) to base 2.
-10001
Convert -6 (base 7) to base 2.
-110
-b (base 14) to base 16
-b
What is -21 (base 7) in base 4?
-33
What is 108 (base 12) in base 16?
98
What is 133 (base 4) in base 5?
111
What is -3 (base 4) in base 9?
-3
-13 (base 10) to base 9
-14
8a (base 14) to base 7
233
1031 (base 6) to base 5
1420
What is 3 (base 4) in base 6?
3
0 (base 7) to base 9
0
Convert -12 (base 12) to base 2.
-1110
112 (base 3) to base 13
11
What is -2 (base 5) in base 13?
-2
Convert 4 (base 12) to base 13.
4
Convert -1 (base 12) to base 9.
-1
-12 (base 10) to base 7
-15
-8 (base 13) to base 12
-8
Convert 40 (base 6) to base 4.
120
Convert 101 (base 2) to base 12.
5
Convert -13 (base 4) to base 15.
-7
What is -13 (base 8) in base 6?
-15
Convert 100 (base 6) to base 4.
210
-28 (base 9) to base 15
-1b
6 (base 7) to base 14
6
Convert 3 (base 13) to base 15.
3
What is 24 (base 7) in base 5?
33
What is -304 (base 6) in base 12?
-94
-2 (base 9) to base 12
-2
76 (base 12) to base 9
110
0 (base 11) to base 13
0
What is -324 (base 8) in base 15?
-e2
What is 10 (base 9) in base 16?
9
Convert 20 (base 7) to base 12.
12
What is 58 (base 14) in base 5?
303
What is 4 (base 5) in base 9?
4
What is -4 (base 13) in base 16?
-4
What is -9 (base 10) in base 13?
-9
What is 1103 (base 5) in base 6?
413
What is 15 (base 10) in base 3?
120
What is -123 (base 5) in base 13?
-2c
6 (base 14) to base 16
6
Convert -12 (base 5) to base 6.
-11
22 (base 8) to base 6
30
What is -3 (base 7) in base 8?
-3
Convert 246 (base 7) to base 9.
156
Convert -c (base 13) to base 9.
-13
Convert -1 (base 11) to base 12.
-1
11 (base 9) to base 16
a
Convert 2 (base 10) to base 2.
10
What is -351 (base 8) in base 16?
-e9
-111 (base 4) to base 10
-21
-1011011 (base 2) to base 8
-133
What is -22 (base 5) in base 8?
-14
Convert -23 (base 5) to base 16.
-d
Convert -20 (base 15) to base 11.
-28
What is -112 (base 15) in base 16?
-f2
4a (base 12) to base 3
2011
Convert -a (base 16) to base 15.
-a
a (base 14) to base 9
11
1231 (base 4) to base 8
155
Convert -2 (base 7) to base 4.
-2
-31 (base 10) to base 12
-27
Convert -1 (base 13) to base 5.
-1
-213 (base 11) to base 5
-2011
Convert 100011 (base 2) to base 5.
120
What is -140 (base 11) in base 8?
-245
-2 (base 11) to base 15
-2
4 (base 12) to base 3
11
11010 (base 2) to base 5
101
Convert -110011 (base 2) to base 3.
-1220
Convert 0 (base 7) to base 16.
0
-22 (base 5) to base 15
-c
What is 5 (base 16) in base 4?
11
-3 (base 4) to base 8
-3
Convert -2